{"id":30,"date":"2024-03-04T13:07:56","date_gmt":"2024-03-04T12:07:56","guid":{"rendered":"http:\/\/glocknerstrasse.at.w01eda0f.kasserver.com\/?page_id=30"},"modified":"2025-10-15T07:54:23","modified_gmt":"2025-10-15T05:54:23","slug":"startseite","status":"publish","type":"page","link":"https:\/\/glocknerstrasse.at\/en\/","title":{"rendered":"Home"},"content":{"rendered":"<h2  data-animation-delay=\"0\" data-animation-duration=\"1\">\n\t\t\tMountain adventure on two wheels\t<\/h2>\n<h3  data-animation-delay=\"0\" data-animation-duration=\"1\">\n\t\t\tOb mit Motor oder ohne&#8230;\t<\/h3>\n\t<p>&#8230; die Gro\u00dfglocknerstra\u00dfe Kals ist auch f\u00fcr Biker eine beliebte Strecke. F\u00fcr Motorradfahrer hat die bestens ausgebaute Bergstra\u00dfe einen besonderen Reiz. \u00dcber zahlreiche Kurven f\u00fchrt Sie der Weg anfangs durch W\u00e4lder und vorbei an satten Wiesen, bevor sich Ihnen kurze Zeit sp\u00e4ter eine beeindruckende Aussicht auf eine imposante Gebirgslandschaft offenbart. Wer sich nach einer entschleunigten Ausfahrt mit dem Motorrad sehnt, kommt hier voll auf seine Kosten.<\/p>\n\t<p>Auch f\u00fcr Radsportbegeisterte bietet die Gro\u00dfglockner Stra\u00dfe ideale Voraussetzungen. Ob mit dem Mountainbike oder mit dem Rennrad &#8211; hier kann jeder seine Kondition unter Beweis stellen. Beginnend im Ortsteil Burg auf ca. 1400 Metern endet die sportliche Tour beim bewirtschafteten Lucknerhaus auf 1920 Metern Seeh\u00f6he. Und wer dort noch nicht genug vom H\u00f6hentraining hat, darf weiter in die Pedale treten, bis zu umliegenden Bergh\u00fctten.<\/p>\n\n\t <div class=\"brlbs-cmpnt-container brlbs-cmpnt-content-blocker brlbs-cmpnt-with-individual-styles\" data-borlabs-cookie-content-blocker-id=\"google-maps\" data-borlabs-cookie-content=\"PGlmcmFtZSBzcmM9Imh0dHBzOi8vd3d3Lmdvb2dsZS5jb20vbWFwcy9lbWJlZD9wYj0hMW0xOCExbTEyITFtMyExZDE2NjMxMi43NzczNDQ5NTQzNyEyZDEyLjUwMzEzNTg1OTQ4MDM3NSEzZDQ2Ljk4OTI5OTE0NjEzNDg0ITJtMyExZjAhMmYwITNmMCEzbTIhMWkxMDI0ITJpNzY4ITRmMTMuMSEzbTMhMW0yITFzMHg0Nzc3NmRiZWEyNDY4ODg1JTNBMHgxOTFmOWU4ZTQ3MmIyNzc1ITJzS2Fsc2VyJTIwR2xvY2tuZXJzdHJhJUMzJTlGZSE1ZTAhM20yITFzZGUhMnNhdCE0djE3MDk2MzIxMjQ1NTQhNW0yITFzZGUhMnNhdCIgd2lkdGg9IjMwMDAiIGhlaWdodD0iNDUwIiBhbGxvd2Z1bGxzY3JlZW49IiIgbG9hZGluZz0ibGF6eSIgcmVmZXJyZXJwb2xpY3k9Im5vLXJlZmVycmVyLXdoZW4tZG93bmdyYWRlIj48L2lmcmFtZT4=\"><div class=\"brlbs-cmpnt-cb-preset-b brlbs-cmpnt-cb-google-maps\"> <div class=\"brlbs-cmpnt-cb-thumbnail\" style=\"background-image: url('https:\/\/glocknerstrasse.at\/wp-content\/uploads\/borlabs-cookie\/1\/brlbs-cb-google-maps-main.png')\"><\/div> <div class=\"brlbs-cmpnt-cb-main\"> <div class=\"brlbs-cmpnt-cb-content\"> <p class=\"brlbs-cmpnt-cb-description\">You are currently viewing a placeholder content from <strong>Google Maps<\/strong>. To access the actual content, click the button below. Please note that doing so will share data with third-party providers.<\/p> <a class=\"brlbs-cmpnt-cb-provider-toggle\" href=\"#\" data-borlabs-cookie-show-provider-information role=\"button\">More Information<\/a> <\/div> <div class=\"brlbs-cmpnt-cb-buttons\"> <a class=\"brlbs-cmpnt-cb-btn\" href=\"#\" data-borlabs-cookie-unblock role=\"button\">Unblock content<\/a> <a class=\"brlbs-cmpnt-cb-btn\" href=\"#\" data-borlabs-cookie-accept-service role=\"button\" style=\"display: inherit\">Accept required service and unblock content<\/a> <\/div> <\/div> <\/div><\/div>","protected":false},"excerpt":{"rendered":"<p>Bergerlebnis auf zwei R\u00e4dern Ob mit Motor oder ohne&#8230; &#8230; die Gro\u00dfglocknerstra\u00dfe Kals ist auch f\u00fcr Biker eine beliebte Strecke. F\u00fcr Motorradfahrer hat die bestens ausgebaute Bergstra\u00dfe einen besonderen Reiz. \u00dcber zahlreiche Kurven f\u00fchrt Sie der Weg anfangs durch W\u00e4lder und vorbei an satten Wiesen, bevor sich Ihnen kurze Zeit sp\u00e4ter eine beeindruckende Aussicht auf [&hellip;]<\/p>","protected":false},"author":2,"featured_media":40,"parent":0,"menu_order":0,"comment_status":"closed","ping_status":"closed","template":"","meta":{"_seopress_robots_primary_cat":"","_seopress_titles_title":"Gro\u00dfglocknerstra\u00dfe Kals | Das Top-Ausflugsziel in Osttirol","_seopress_titles_desc":"Die Gro\u00dfglocknerstra\u00dfe Kals, mit ihrer atemberaubenden Berglandschaft, ist das Tor zum 3798 Meter hohen Gro\u00dfglockner in Osttirol.","_seopress_robots_index":"","footnotes":""},"class_list":["post-30","page","type-page","status-publish","has-post-thumbnail","hentry"],"blocksy_meta":{"content_style_source":"inherit","has_hero_section":"disabled","hero_elements":[{"id":"custom_title","enabled":true,"heading_tag":"h1","title":"Startseite","__id":"uqOY8MvCGfj42fbveBHkV"},{"id":"custom_description","enabled":true,"description_visibility":{"desktop":true,"tablet":true,"mobile":false},"__id":"SzlqnSiIUetgzXRrruwK1"},{"id":"custom_meta","enabled":false,"meta_elements":[{"id":"author","enabled":true,"label":"Von","has_author_avatar":"yes","avatar_size":25},{"id":"post_date","enabled":true,"label":"Am","date_format_source":"default","date_format":"M j, Y"},{"id":"updated_date","enabled":false,"label":"Am","date_format_source":"default","date_format":"M j, Y"},{"id":"categories","enabled":false,"label":"In","style":"simple"},{"id":"comments","enabled":true}],"page_meta_elements":{"joined":true,"articles_count":true,"comments":true},"__id":"imOmY_Z_8fqhscVd82ITF"},{"id":"breadcrumbs","enabled":false,"__id":"GwUQhqK2gt0JreskgfQ-E"},{"id":"content-block","enabled":false,"__id":"y745EPtgxAGiybq-Stv4a"}],"styles_descriptor":{"styles":{"desktop":"","tablet":"","mobile":""},"google_fonts":[],"version":6}},"_links":{"self":[{"href":"https:\/\/glocknerstrasse.at\/en\/wp-json\/wp\/v2\/pages\/30","targetHints":{"allow":["GET"]}}],"collection":[{"href":"https:\/\/glocknerstrasse.at\/en\/wp-json\/wp\/v2\/pages"}],"about":[{"href":"https:\/\/glocknerstrasse.at\/en\/wp-json\/wp\/v2\/types\/page"}],"author":[{"embeddable":true,"href":"https:\/\/glocknerstrasse.at\/en\/wp-json\/wp\/v2\/users\/2"}],"replies":[{"embeddable":true,"href":"https:\/\/glocknerstrasse.at\/en\/wp-json\/wp\/v2\/comments?post=30"}],"version-history":[{"count":10,"href":"https:\/\/glocknerstrasse.at\/en\/wp-json\/wp\/v2\/pages\/30\/revisions"}],"predecessor-version":[{"id":689,"href":"https:\/\/glocknerstrasse.at\/en\/wp-json\/wp\/v2\/pages\/30\/revisions\/689"}],"wp:featuredmedia":[{"embeddable":true,"href":"https:\/\/glocknerstrasse.at\/en\/wp-json\/wp\/v2\/media\/40"}],"wp:attachment":[{"href":"https:\/\/glocknerstrasse.at\/en\/wp-json\/wp\/v2\/media?parent=30"}],"curies":[{"name":"wp","href":"https:\/\/api.w.org\/{rel}","templated":true}]}}

<h2  data-animation-delay="0" data-animation-duration="1">
			Mountain adventure on two wheels	</h2>
<h3  data-animation-delay="0" data-animation-duration="1">
			Ob mit Motor oder ohne&#8230;	</h3>
	<p>&#8230; die Großglocknerstraße Kals ist auch für Biker eine beliebte Strecke. Für Motorradfahrer hat die bestens ausgebaute Bergstraße einen besonderen Reiz. Über zahlreiche Kurven führt Sie der Weg anfangs durch Wälder und vorbei an satten Wiesen, bevor sich Ihnen kurze Zeit später eine beeindruckende Aussicht auf eine imposante Gebirgslandschaft offenbart. Wer sich nach einer entschleunigten Ausfahrt mit dem Motorrad sehnt, kommt hier voll auf seine Kosten.</p>
	<p>Auch für Radsportbegeisterte bietet die Großglockner Straße ideale Voraussetzungen. Ob mit dem Mountainbike oder mit dem Rennrad &#8211; hier kann jeder seine Kondition unter Beweis stellen. Beginnend im Ortsteil Burg auf ca. 1400 Metern endet die sportliche Tour beim bewirtschafteten Lucknerhaus auf 1920 Metern Seehöhe. Und wer dort noch nicht genug vom Höhentraining hat, darf weiter in die Pedale treten, bis zu umliegenden Berghütten.</p>

	 <div class="brlbs-cmpnt-container brlbs-cmpnt-content-blocker brlbs-cmpnt-with-individual-styles" data-borlabs-cookie-content-blocker-id="google-maps" data-borlabs-cookie-content="PGlmcmFtZSBzcmM9Imh0dHBzOi8vd3d3Lmdvb2dsZS5jb20vbWFwcy9lbWJlZD9wYj0hMW0xOCExbTEyITFtMyExZDE2NjMxMi43NzczNDQ5NTQzNyEyZDEyLjUwMzEzNTg1OTQ4MDM3NSEzZDQ2Ljk4OTI5OTE0NjEzNDg0ITJtMyExZjAhMmYwITNmMCEzbTIhMWkxMDI0ITJpNzY4ITRmMTMuMSEzbTMhMW0yITFzMHg0Nzc3NmRiZWEyNDY4ODg1JTNBMHgxOTFmOWU4ZTQ3MmIyNzc1ITJzS2Fsc2VyJTIwR2xvY2tuZXJzdHJhJUMzJTlGZSE1ZTAhM20yITFzZGUhMnNhdCE0djE3MDk2MzIxMjQ1NTQhNW0yITFzZGUhMnNhdCIgd2lkdGg9IjMwMDAiIGhlaWdodD0iNDUwIiBhbGxvd2Z1bGxzY3JlZW49IiIgbG9hZGluZz0ibGF6eSIgcmVmZXJyZXJwb2xpY3k9Im5vLXJlZmVycmVyLXdoZW4tZG93bmdyYWRlIj48L2lmcmFtZT4="><div class="brlbs-cmpnt-cb-preset-b brlbs-cmpnt-cb-google-maps"> <div class="brlbs-cmpnt-cb-thumbnail" style="background-image: url('https://glocknerstrasse.at/wp-content/uploads/borlabs-cookie/1/brlbs-cb-google-maps-main.png')"></div> <div class="brlbs-cmpnt-cb-main"> <div class="brlbs-cmpnt-cb-content"> <p class="brlbs-cmpnt-cb-description">You are currently viewing a placeholder content from <strong>Google Maps</strong>. To access the actual content, click the button below. Please note that doing so will share data with third-party providers.</p> <a class="brlbs-cmpnt-cb-provider-toggle" href="#" data-borlabs-cookie-show-provider-information role="button">More Information</a> </div> <div class="brlbs-cmpnt-cb-buttons"> <a class="brlbs-cmpnt-cb-btn" href="#" data-borlabs-cookie-unblock role="button">Unblock content</a> <a class="brlbs-cmpnt-cb-btn" href="#" data-borlabs-cookie-accept-service role="button" style="display: inherit">Accept required service and unblock content</a> </div> </div> </div></div>

<p>Bergerlebnis auf zwei Rädern Ob mit Motor oder ohne&#8230; &#8230; die Großglocknerstraße Kals ist auch für Biker eine beliebte Strecke. Für Motorradfahrer hat die bestens ausgebaute Bergstraße einen besonderen Reiz. Über zahlreiche Kurven führt Sie der Weg anfangs durch Wälder und vorbei an satten Wiesen, bevor sich Ihnen kurze Zeit später eine beeindruckende Aussicht auf [&hellip;]</p>

Großglocknerstraße Kals | Das Top-Ausflugsziel in Osttirol

Die Großglocknerstraße Kals, mit ihrer atemberaubenden Berglandschaft, ist das Tor zum 3798 Meter hohen Großglockner in Osttirol.
